{"id":6,"date":"2010-09-19T16:29:43","date_gmt":"2010-09-19T14:29:43","guid":{"rendered":"http:\/\/www.zugang.friseur-haarzauber.de\/?page_id=6"},"modified":"2024-12-02T19:41:01","modified_gmt":"2024-12-02T18:41:01","slug":"team","status":"publish","type":"page","link":"https:\/\/www.friseur-haarzauber.de\/?page_id=6","title":{"rendered":"Inhaberin Sabine"},"content":{"rendered":"\n<div class=\"wp-block-columns is-layout-flex wp-container-core-columns-is-layout-9d6595d7 wp-block-columns-is-layout-flex\">\n<div class=\"wp-block-column is-layout-flow wp-block-column-is-layout-flow\" style=\"flex-basis:66.66%\">\n<figure class=\"wp-block-image size-large\"><a href=\"https:\/\/www.friseur-haarzauber.de\/wp-content\/uploads\/2024\/05\/IMG-20240326-WA0017.jpg\"><img loading=\"lazy\" decoding=\"async\" width=\"727\" height=\"1024\" src=\"https:\/\/www.friseur-haarzauber.de\/wp-content\/uploads\/2024\/05\/IMG-20240326-WA0017-727x1024.jpg\" alt=\"\" class=\"wp-image-1179\" srcset=\"https:\/\/www.friseur-haarzauber.de\/wp-content\/uploads\/2024\/05\/IMG-20240326-WA0017-727x1024.jpg 727w, https:\/\/www.friseur-haarzauber.de\/wp-content\/uploads\/2024\/05\/IMG-20240326-WA0017-213x300.jpg 213w, https:\/\/www.friseur-haarzauber.de\/wp-content\/uploads\/2024\/05\/IMG-20240326-WA0017-768x1081.jpg 768w, https:\/\/www.friseur-haarzauber.de\/wp-content\/uploads\/2024\/05\/IMG-20240326-WA0017-370x521.jpg 370w, https:\/\/www.friseur-haarzauber.de\/wp-content\/uploads\/2024\/05\/IMG-20240326-WA0017.jpg 912w\" sizes=\"auto, (max-width: 727px) 100vw, 727px\" \/><\/a><\/figure>\n<\/div>\n\n\n\n<div class=\"wp-block-column is-vertically-aligned-bottom is-layout-flow wp-block-column-is-layout-flow\" style=\"flex-basis:33.33%\">\n<h2 class=\"wp-block-heading has-text-align-left\">SABINE<\/h2>\n\n\n\n<h3 class=\"wp-block-heading has-text-align-left\">&#8211; Friseurmeisterin<\/h3>\n\n\n\n<h3 class=\"wp-block-heading has-text-align-left\">&#8211; 8 Jahre als   Fachlehrer in der Berufsschule t\u00e4tig gewesen<\/h3>\n\n\n\n<h3 class=\"wp-block-heading has-text-align-left\">&#8211; 6 Jahre als Innungspr\u00fcfer f\u00fcr die Gesellenpr\u00fcfung gearbeitet<\/h3>\n<\/div>\n<\/div>\n","protected":false},"excerpt":{"rendered":"<p>SABINE &#8211; Friseurmeisterin &#8211; 8 Jahre als Fachlehrer in der Berufsschule t\u00e4tig gewesen &#8211; 6 Jahre als Innungspr\u00fcfer f\u00fcr die Gesellenpr\u00fcfung gearbeitet<\/p>\n","protected":false},"author":1,"featured_media":0,"parent":0,"menu_order":6,"comment_status":"closed","ping_status":"open","template":"","meta":{"footnotes":""},"class_list":["post-6","page","type-page","status-publish","hentry"],"_links":{"self":[{"href":"https:\/\/www.friseur-haarzauber.de\/index.php?rest_route=\/wp\/v2\/pages\/6","targetHints":{"allow":["GET"]}}],"collection":[{"href":"https:\/\/www.friseur-haarzauber.de\/index.php?rest_route=\/wp\/v2\/pages"}],"about":[{"href":"https:\/\/www.friseur-haarzauber.de\/index.php?rest_route=\/wp\/v2\/types\/page"}],"author":[{"embeddable":true,"href":"https:\/\/www.friseur-haarzauber.de\/index.php?rest_route=\/wp\/v2\/users\/1"}],"replies":[{"embeddable":true,"href":"https:\/\/www.friseur-haarzauber.de\/index.php?rest_route=%2Fwp%2Fv2%2Fcomments&post=6"}],"version-history":[{"count":47,"href":"https:\/\/www.friseur-haarzauber.de\/index.php?rest_route=\/wp\/v2\/pages\/6\/revisions"}],"predecessor-version":[{"id":1223,"href":"https:\/\/www.friseur-haarzauber.de\/index.php?rest_route=\/wp\/v2\/pages\/6\/revisions\/1223"}],"wp:attachment":[{"href":"https:\/\/www.friseur-haarzauber.de\/index.php?rest_route=%2Fwp%2Fv2%2Fmedia&parent=6"}],"curies":[{"name":"wp","href":"https:\/\/api.w.org\/{rel}","templated":true}]}}